2760707
What is -aecdd (base 15) in base 12?
-229bb4
-530524 (base 6) to base 12
-20a44
What is 6151022 (base 8) in base 12?
665416
934872 (base 16) to base 12
3295a16
What is 175cb4 (base 14) in base 8?
3107266
4476b0 (base 14) to base 16
237bfa
Convert 11e9e (base 16) to base 11.
50144
What is 1023400 (base 6) in base 13?
19a13
What is 2b2cf (base 16) in base 8?
531317
Convert -1140120 (base 6) to base 16.
-e910
31234534 (base 6) to base 11
56a469
20112110120121 (base 3) to base 15
489237
-13025165 (base 7) to base 15
-185838
-102120011102021 (base 3) to base 5
-3033104231
-1011431213 (base 5) to base 11
-1188870
What is 2035e (base 16) in base 4?
200031132
Convert 1010011000110100011110 (base 2) to base 15.
38bca2
Convert -870214 (base 11) to base 4.
-11103220300
What is -276967 (base 10) in base 6?
-5534131
Convert -961098 (base 13) to base 15.
-4968a0
What is -60415 (base 12) in base 4?
-132201101
Convert 5579893 (base 10) to base 7.
65266624
What is -4001512 (base 7) in base 5?
-110034233
Convert -100110001110111101111110 (base 2) to base 8.
-46167576
Convert 36623420 (base 7) to base 13.
8ac659
What is 12210 (base 10) in base 7?
50412
Convert -2810464 (base 11) to base 10.
-4846725
What is -22092bb (base 12) in base 2?
-11000101111011001101111
Convert -4482320 (base 9) to base 4.
-21031320213
-3040331 (base 6) to base 7
-1143361
-10c83 (base 13) to base 5
-1440241
-142661 (base 8) to base 6
-1030145
Convert 10712 (base 15) to base 13.
1a9c9
Convert 2333000 (base 7) to base 15.
5c16b
10101000110001001000011 (base 2) to base 15
743889
Convert 77874a (base 13) to base 12.
b3a807
-202040125 (base 6) to base 4
-31030023311
3973d (base 14) to base 5
14010441
What is 248055 (base 10) in base 3?
110121021020
-825387 (base 9) to base 4
-1313200021
Convert 1771218 (base 12) to base 3.
100011200020102
What is 13a5b (base 12) in base 3?
1101121222
Convert 22688620 (base 9) to base 10.
11041938
What is -83446 (base 10) in base 11?
-57770
What is -11011101001001011101 (base 2) in base 5?
-212441241
What is 430522 (base 7) in base 10?
74692
-122201233 (base 5) to base 11
-36a216
What is -35393 (base 11) in base 9?
-77014
-235155 (base 8) to base 13
-2a83a
Convert 11221002211 (base 3) to base 16.
17b09
What is -11412343 (base 6) in base 11?
-226162
What is -1d83a (base 15) in base 7?
-550630
What is -1137077 (base 9) in base 12?
-25812a
Convert 95a51 (base 13) to base 5.
32113130
422011 (base 8) to base 10
140297
101111001001111000 (base 2) to base 10
193144
Convert -611000 (base 7) to base 5.
-11303321
What is -700718 (base 10) in base 5?
-134410333
-4b5c1 (base 16) to base 13
-aa661
-11603a1 (base 14) to base 8
-37520131
10577402 (base 9) to base 12
1874602
-48313 (base 12) to base 9
-157316
5278a (base 15) to base 11
169590
33468 (base 11) to base 15
e569
Convert 15457756 (base 8) to base 2.
1101100101111111101110
-1cbe67 (base 15) to base 6
-50055011
-33303344 (base 6) to base 16
-f5170
Convert 1101100000111110 (base 2) to base 5.
3232413
Convert 15304435 (base 6) to base 14.
ddca3
-6bc081 (base 13) to base 3
-11211111011212
Convert 43373 (base 10) to base 5.
2341443
Convert 10201312 (base 5) to base 6.
1451330
8711 (base 10) to base 4
2020013
Convert 3a0cb4 (base 13) to base 2.
101010110001101000000
Convert -1065a22 (base 12) to base 2.
-1011111001110101111010
-5233543 (base 6) to base 4
-331322013
What is c78f5 (base 16) in base 11?
509139
What is 89749 (base 11) in base 14?
35543
What is 255205a (base 12) in base 11?
4152147
Convert 86127 (base 15) to base 8.
1477050
What is 13303332220 (base 4) in base 11?
1179699
Convert -14594 (base 16) to base 14.
-22536
Convert -4c074 (base 13) to base 8.
-422637
Convert a38082 (base 12) to base 6.
130544242
What is -240631332 (base 7) in base 8?
-70754554
-692c (base 13) to base 10
-14741
Convert -589149 (base 10) to base 3.
-1002221011100
-13330302200 (base 4) to base 3
-10220212201012
100141301 (base 5) to base 14
a469d
Convert 2744a (base 13) to base 8.
217027
12002110200112 (base 3) to base 15
386ace
343852 (base 13) to base 12
4b7431
2122121110 (base 3) to base 2
1100101111101011
131172 (base 11) to base 10
206505
What is -341054501 (base 6) in base 3?
-102200122022201
What is aa01 (base 14) in base 9?
44287
Convert 10b09a8 (base 15) to base 3.
211111002212212
What is 1210121200 (base 3) in base 16?
8a72
Convert 1000100001110001101 (base 2) to base 10.
279437
Convert 1050727 (base 10) to base 14.
1d4cbd
What is 21101021 (base 4) in base 2?
1001010001001001
45a53 (base 14) to base 10
169417
-404245054 (base 6) to base 11
-3a01347
What is -258611 (base 11) in base 7?
-3312460
Convert 30206553 (base 7) to base 9.
4640343
Convert -28214 (base 13) to base 12.
-37525
What is -a3a7 (base 13) in base 3?
-1011000120
What is -49a028 (base 12) in base 16?
-124ca0
What is -90ad3 (base 14) in base 9?
-580183
What is 94881 (base 10) in base 7?
543423
Convert 444321030 (base 5) to base 14.
38a01b
-707a2a (base 14) to base 9
-7110337
What is -11536004 (base 8) in base 16?
-26bc04
Convert 102447 (base 14) to base 10.
544159
Convert 20333312130 (base 4) to base 3.
11102211111200
What is 1002a49 (base 11) in base 9?
3305452
What is 11011010111000010001 (base 2) in base 11?
562637
Convert -6355538 (base 12) to base 6.
-1510231312
Convert 63178c (base 16) to base 3.
110012221012221
Convert -716427 (base 9) to base 5.
-102042002
3173ac (base 16) to base 13
8961a2
What is -8157657 (base 9) in base 12?
-1558967
-2434116 (base 9) to base 7
-14143365
b3c54 (base 13) to base 5
40312414
Convert 10100110111111001110 (base 2) to base 10.
683982
Convert -110010110011000001 (base 2) to base 11.
-132360
-1cfd0 (base 16) to base 10
-118736
Convert -265cdc (base 14) to base 10.
-1322410
Convert 6333 (base 7) to base 10.
2229
Convert 1001100001001111010 (base 2) to base 9.
524788
Convert 3a8026 (base 13) to base 8.
5317611
Convert 735934 (base 12) to base 10.
1814008
Convert -274770 (base 12) to base 10.
-650820
Convert 2050152 (base 7) to base 10.
247389
Convert 5101601 (base 10) to base 12.
1860395
10517763 (base 10) to base 14
157b00b
-101064451 (base 7) to base 10
-5898460
-1102022102 (base 3) to base 16
-6d19
Convert -466a6 (base 15) to base 9.
-371553
-3aaa17 (base 12) to base 6
-32502431
What is -a6abd (base 16) in base 9?
-1250418
What is -138048 (base 10) in base 4?
-201231000
What is 116235 (base 8) in base 3?
2000222221
What is -32508 (base 13) in base 16?
-16332
131551 (base 8) to base 15
d91e
-690cb (base 16) to base 8
-1510313
What is -37232 (base 9) in base 4?
-12012101
52340512 (base 6) to base 5
342143232
Convert 1001377 (base 8) to base 14.
6bb55
4124325 (base 7) to base 4
1320202233
8e494 (base 16) to base 10
582804
What is 1122212211100 (base 3) in base 2?
11010111101011011110
Convert 360216 (base 7) to base 15.
14393
What is 5bbe94 (base 15) in base 11?
2531445
What is 3661074 (base 8) in base 16?
f623c
Convert -3ae33 (base 16) to base 13.
-85a31
Convert -224014123 (base 5) to base 7.
-11336562
What is de6a0 (base 16) in base 9?
1637601
Convert -682843 (base 9) to base 6.
-12433103
459319 (base 10) to base 11
294103
What is 101111100111011 (base 2) in base 10?
24379
413114231 (base 5) to base 7
20244260
What is -526035 (base 16) in base 13?
-1170336
Convert -31013323002 (base 4) to base 15.
-47e54c
What is 1d8b9 (base 16) in base 12?
5a049
What is 7758 (base 12) in base 6?
140552
Convert 4803682 (base 9) to base 10.
2600903
What is -10111000110101011110 (base 2) in base 16?
-b8d5e
101010101001010011 (base 2) to base 4
222221103
What is -596533 (base 13) in base 5?
-1021040313
-12111010222 (base 4) to base 2
-110010101000100101010
-2321692 (base 10) to base 12
-93b6a4
What is 24023 (base 8) in base 12?
5b2b
119a94a (base 11) to base 2
111111011100001110010
What is 3350542 (base 7) in base 2?
1100101011110100000
11110110210 (base 3) to base 13
30c8a
What is 1208171 (base 10) in base 15?
18ce9b
Convert -220011200 (base 3) to base 5.
-1030442
What is -55375 (base 11) in base 15?
-18bda
210110101122 (base 3) to base 5
102004003
What is 2337056 (base 8) in base 6?
21404022
Convert -3b65b4 (base 15) to base 9.
-5333387
42450a (base 15) to base 12
1080a61
1457161 (base 8) to base 3
210012120000
Convert 3aa181 (base 11)